{"id":1093,"date":"2024-09-12T11:58:59","date_gmt":"2024-09-12T09:58:59","guid":{"rendered":"https:\/\/portal.adas.de\/home\/?page_id=1093"},"modified":"2024-09-12T16:46:40","modified_gmt":"2024-09-12T14:46:40","slug":"schnittstelle-e-rezept-transfer","status":"publish","type":"page","link":"https:\/\/portal.adas.de\/home\/index.php\/schnittstelle-e-rezept-transfer\/","title":{"rendered":"Schnittstelle E-Rezept Transfer"},"content":{"rendered":"<p>[et_pb_section fb_built=&#8220;1&#8243; _builder_version=&#8220;4.7.3&#8243; _module_preset=&#8220;default&#8220;][et_pb_row _builder_version=&#8220;4.7.3&#8243; _module_preset=&#8220;default&#8220;][et_pb_column type=&#8220;4_4&#8243; _builder_version=&#8220;4.7.3&#8243; _module_preset=&#8220;default&#8220;][et_pb_image src=&#8220;https:\/\/portal.adas.de\/home\/wp-content\/uploads\/2019\/04\/Offizin_950X160.png&#8220; title_text=&#8220;Offizin_950X160&#8243; _builder_version=&#8220;4.7.3&#8243; _module_preset=&#8220;default&#8220;][\/et_pb_image][et_pb_post_title _builder_version=&#8220;4.7.3&#8243; _module_preset=&#8220;default&#8220;][\/et_pb_post_title][\/et_pb_column][\/et_pb_row][et_pb_row column_structure=&#8220;2_3,1_3&#8243; _builder_version=&#8220;4.7.3&#8243; _module_preset=&#8220;default&#8220;][et_pb_column type=&#8220;2_3&#8243; _builder_version=&#8220;4.7.3&#8243; _module_preset=&#8220;default&#8220;][et_pb_text _builder_version=&#8220;4.7.3&#8243; _module_preset=&#8220;default&#8220;]<\/p>\n<p>Die Schnittstelle &#8222;E-Rezept Transfer&#8220; definiert ein Transportformat sowie einen Prozess zum Austausch von E-Rezeptdaten zwischen abgebenden und herstellenden Apothekensoftwaresystemen. Die Schnittstelle wurde in einer ADAS-Arbeitsgruppe 2021 mit Vertretern der ADAS sowie gro\u00dfen Herstellern im Bereich Rezepturherstellung und Parenteraliaherstellung verabschiedet.<\/p>\n<p style=\"text-align: justify;\"><span style=\"font-size: 14px;\">Es gibt mehrere Prozessvarianten, wo ein (Rezeptur-)Rezept nicht unmittelbar mit der Apothekenwarenwirtschaft taxiert und beliefert wird. Dabei wird in einigen F\u00e4llen der Taxierungs- und Rezeptur-Herstellungsprozess durch externe Software in derselben Apotheke oder bei einem externen Dienstleister durchgef\u00fchrt. E-Rezepte m\u00fcssen mit dem TI-Konnektor der abgebenden Apotheke geladen und der Abgabedatensatz muss vor der \u00dcbertragung an das Rechenzentrum mit einem TI-Konnektor signiert werden. Die hier eingef\u00fchrte \u201eE-Rezept Transfer\u201c-Schnittstelle beschreibt den n\u00f6tigen Datenaustausch um eine E-Verordnung aus der Apothekenwarenwirtschaft zu exportieren und diese zusammen mit einem in einer externen Software erstellten Abgabedatensatz wieder zu importieren.<\/span><\/p>\n<p>[\/et_pb_text][\/et_pb_column][et_pb_column type=&#8220;1_3&#8243; _builder_version=&#8220;4.7.3&#8243; _module_preset=&#8220;default&#8220;][et_pb_blurb title=&#8220;E-Rezept Transfer&#8220; _builder_version=&#8220;4.7.3&#8243; _module_preset=&#8220;default&#8220;]<\/p>\n<p>Hier erhalten Sie weitere Dokumente und Spezifikationen zum Download:<\/p>\n<p><a href=\"https:\/\/portal.adas.de\/share\/s\/lGV37Z-8TT6fZytIAT7jag\">ERezept_Transfer_ADAS_v1.01.zip<\/a><\/p>\n<p>[\/et_pb_blurb][\/et_pb_column][\/et_pb_row][\/et_pb_section]<\/p>\n","protected":false},"excerpt":{"rendered":"<p>[et_pb_section fb_built=&#8220;1&#8243; _builder_version=&#8220;4.7.3&#8243; _module_preset=&#8220;default&#8220;][et_pb_row _builder_version=&#8220;4.7.3&#8243; _module_preset=&#8220;default&#8220;][et_pb_column type=&#8220;4_4&#8243; _builder_version=&#8220;4.7.3&#8243; _module_preset=&#8220;default&#8220;][et_pb_image src=&#8220;https:\/\/portal.adas.de\/home\/wp-content\/uploads\/2019\/04\/Offizin_950X160.png&#8220; title_text=&#8220;Offizin_950X160&#8243; _builder_version=&#8220;4.7.3&#8243; _module_preset=&#8220;default&#8220;][\/et_pb_image][et_pb_post_title _builder_version=&#8220;4.7.3&#8243; _module_preset=&#8220;default&#8220;][\/et_pb_post_title][\/et_pb_column][\/et_pb_row][et_pb_row column_structure=&#8220;2_3,1_3&#8243; _builder_version=&#8220;4.7.3&#8243; _module_preset=&#8220;default&#8220;][et_pb_column type=&#8220;2_3&#8243; _builder_version=&#8220;4.7.3&#8243; _module_preset=&#8220;default&#8220;][et_pb_text _builder_version=&#8220;4.7.3&#8243; _module_preset=&#8220;default&#8220;] Die Schnittstelle &#8222;E-Rezept Transfer&#8220; definiert ein Transportformat sowie einen Prozess zum Austausch von E-Rezeptdaten zwischen abgebenden und herstellenden Apothekensoftwaresystemen. Die Schnittstelle wurde in einer ADAS-Arbeitsgruppe 2021 mit Vertretern der ADAS sowie gro\u00dfen [&hellip;]<\/p>\n","protected":false},"author":6,"featured_media":0,"parent":0,"menu_order":0,"comment_status":"closed","ping_status":"closed","template":"","meta":{"_et_pb_use_builder":"on","_et_pb_old_content":"","_et_gb_content_width":"","footnotes":""},"class_list":["post-1093","page","type-page","status-publish","hentry"],"_links":{"self":[{"href":"https:\/\/portal.adas.de\/home\/index.php\/wp-json\/wp\/v2\/pages\/1093","targetHints":{"allow":["GET"]}}],"collection":[{"href":"https:\/\/portal.adas.de\/home\/index.php\/wp-json\/wp\/v2\/pages"}],"about":[{"href":"https:\/\/portal.adas.de\/home\/index.php\/wp-json\/wp\/v2\/types\/page"}],"author":[{"embeddable":true,"href":"https:\/\/portal.adas.de\/home\/index.php\/wp-json\/wp\/v2\/users\/6"}],"replies":[{"embeddable":true,"href":"https:\/\/portal.adas.de\/home\/index.php\/wp-json\/wp\/v2\/comments?post=1093"}],"version-history":[{"count":8,"href":"https:\/\/portal.adas.de\/home\/index.php\/wp-json\/wp\/v2\/pages\/1093\/revisions"}],"predecessor-version":[{"id":1107,"href":"https:\/\/portal.adas.de\/home\/index.php\/wp-json\/wp\/v2\/pages\/1093\/revisions\/1107"}],"wp:attachment":[{"href":"https:\/\/portal.adas.de\/home\/index.php\/wp-json\/wp\/v2\/media?parent=1093"}],"curies":[{"name":"wp","href":"https:\/\/api.w.org\/{rel}","templated":true}]}}