{"id":882,"date":"2023-02-10T12:34:10","date_gmt":"2023-02-10T11:34:10","guid":{"rendered":"https:\/\/portal.adas.de\/home\/?page_id=882"},"modified":"2023-02-15T08:50:16","modified_gmt":"2023-02-15T07:50:16","slug":"projekt-msv3-schnittstelle","status":"publish","type":"page","link":"https:\/\/portal.adas.de\/home\/index.php\/projekt-msv3-schnittstelle\/","title":{"rendered":"Schnittstelle Pharmazeutischer Gro\u00dfhandel (MSV3)"},"content":{"rendered":"<p>[et_pb_section fb_built=&#8220;1&#8243; _builder_version=&#8220;4.7.3&#8243; _module_preset=&#8220;default&#8220;][et_pb_row _builder_version=&#8220;4.7.3&#8243; _module_preset=&#8220;default&#8220;][et_pb_column type=&#8220;4_4&#8243; _builder_version=&#8220;4.7.3&#8243; _module_preset=&#8220;default&#8220;][et_pb_image src=&#8220;https:\/\/portal.adas.de\/home\/wp-content\/uploads\/2019\/04\/Offizin_950X160.png&#8220; title_text=&#8220;Offizin_950X160&#8243; _builder_version=&#8220;4.7.3&#8243; _module_preset=&#8220;default&#8220;][\/et_pb_image][et_pb_post_title _builder_version=&#8220;4.7.3&#8243; _module_preset=&#8220;default&#8220;][\/et_pb_post_title][\/et_pb_column][\/et_pb_row][et_pb_row column_structure=&#8220;2_3,1_3&#8243; _builder_version=&#8220;4.7.3&#8243; _module_preset=&#8220;default&#8220;][et_pb_column type=&#8220;2_3&#8243; _builder_version=&#8220;4.7.3&#8243; _module_preset=&#8220;default&#8220;][et_pb_text _builder_version=&#8220;4.7.3&#8243; _module_preset=&#8220;default&#8220;]<\/p>\n<p><em>Berlin, 13. Juli 2018<\/em><\/p>\n<p>Apotheke und pharmazeutischem Gro\u00dfhandel<br \/> Information f\u00fcr alle Softwareh\u00e4user<br \/> Im deutschen Apothekenwesen werden die Bestellungen von Arzneimitteln zwischen Apotheken und Pharmazeutischem Gro\u00dfhandel elektronisch abgebildet. Dabei wird heute ein standardisiertes technisches Verfahren, das sogenannte MSV2 Protokoll, eingesetzt. MSV steht f\u00fcr Medium Speed Version.<br \/> MSV3 ist die Bezeichnung f\u00fcr den k\u00fcnftigen Nachfolgestandard, welcher z.Zt. von den Bundesverb\u00e4nden der beteiligten Marktpartner &#8211; d.h. dem DAV f\u00fcr die Apotheken, dem Phagro f\u00fcr die Gro\u00dfh\u00e4ndler sowie der ADAS f\u00fcr die Apotheken-Softwareh\u00e4user &#8211; neu definiert wird. Das neue Verfahren wird die bisherige ISDN-Kommunikation (\u201eTelefonleitung\u201c) durch ein modernes Internetbasierendes Protokoll und sogenannte Webservices abl\u00f6sen. Ziel ist es, die Bestellabl\u00e4ufe zwischen Apotheken und Gro\u00dfhandel effizienter zu machen und f\u00fcr k\u00fcnftige Anforderungen so flexibel wie m\u00f6glich ger\u00fcstet zu sein.<br \/> Bisher wurde ein gemeinsames Pflichtenheft f\u00fcr eine erste Version sowie die technischen Randbedingungen festgelegt. Das Pflichtenheft und die erste Referenzimplemtierung wurde am 20.06.2012 in den Fachkreisen ver\u00f6ffentlicht. Voraussichtlich ab Herbst 2012 wird es zu Testl\u00e4ufen und Pilotprojekten in Apotheken kommen. Weitere Details werden danach ver\u00f6ffentlicht.<br \/> In jedem Fall wird es ausreichend lange Einf\u00fchrungs- und \u00dcbergangsphasen geben, um allen beteiligten Marktpartnern den Umstieg auf den neuen Bestellweg zu erm\u00f6glichen. Alle Apotheken werden rechtzeitig von ihren Gro\u00dfh\u00e4ndlern, Softwareh\u00e4usern und Landesapothekerverb\u00e4nden informiert.<br \/> Folgende Informationen zu MSV3 k\u00f6nnen nach vorheriger Registrierung bei der DATEG unter \u00bb www.dateg-mbh.de angefordert werden:<br \/> Pflichtenheft Referenzimplementierung sp\u00e4ter ist auch eine zentrale FAQ-Liste geplant Fragen zu MSV3, die speziell das Vorgehen\/Aspekte der Apotheken-Softwareh\u00e4user betreffen, k\u00f6nnen Sie per Mail an msv3@adas.de richten. Bitte nennen Sie dabei Ihr Unternehmen, Ihren Namen und Ihre Funktion. Vielen Dank!<\/p>\n<p>[\/et_pb_text][\/et_pb_column][et_pb_column type=&#8220;1_3&#8243; _builder_version=&#8220;4.7.3&#8243; _module_preset=&#8220;default&#8220;][et_pb_blurb title=&#8220;Dokumentation&#8220; _builder_version=&#8220;4.7.3&#8243; _module_preset=&#8220;default&#8220; hover_enabled=&#8220;0&#8243; sticky_enabled=&#8220;0&#8243;]<\/p>\n<p><span>Nachfolgend erhalten Sie weitere Dokumente und Spezifikationen zum Download<\/span><\/p>\n<p>[\/et_pb_blurb][et_pb_accordion _builder_version=&#8220;4.7.3&#8243; _dynamic_attributes=&#8220;link_option_url&#8220; _module_preset=&#8220;default&#8220; width=&#8220;95%&#8220; link_option_url=&#8220;@ET-DC@eyJkeW5hbWljIjp0cnVlLCJjb250ZW50IjoiaG9tZV91cmwiLCJzZXR0aW5ncyI6e319@&#8220; hover_enabled=&#8220;0&#8243; box_shadow_style=&#8220;preset2&#8243; sticky_enabled=&#8220;0&#8243;][et_pb_accordion_item title=&#8220;bei der DATEG mbH&#8220; open=&#8220;on&#8220; _builder_version=&#8220;4.7.3&#8243; _module_preset=&#8220;default&#8220; link_option_url=&#8220;https:\/\/www.dateg-mbh.de&#8220; link_option_url_new_window=&#8220;on&#8220; hover_enabled=&#8220;0&#8243; sticky_enabled=&#8220;0&#8243;]<\/p>\n<p>nach einer Registrierung unter http:\/\/www.dateg-mbh.de<\/p>\n<p>[\/et_pb_accordion_item][\/et_pb_accordion][\/et_pb_column][\/et_pb_row][\/et_pb_section]<\/p>\n","protected":false},"excerpt":{"rendered":"<p>[et_pb_section fb_built=&#8220;1&#8243; _builder_version=&#8220;4.7.3&#8243; _module_preset=&#8220;default&#8220;][et_pb_row _builder_version=&#8220;4.7.3&#8243; _module_preset=&#8220;default&#8220;][et_pb_column type=&#8220;4_4&#8243; _builder_version=&#8220;4.7.3&#8243; _module_preset=&#8220;default&#8220;][et_pb_image src=&#8220;https:\/\/portal.adas.de\/home\/wp-content\/uploads\/2019\/04\/Offizin_950X160.png&#8220; title_text=&#8220;Offizin_950X160&#8243; _builder_version=&#8220;4.7.3&#8243; _module_preset=&#8220;default&#8220;][\/et_pb_image][et_pb_post_title _builder_version=&#8220;4.7.3&#8243; _module_preset=&#8220;default&#8220;][\/et_pb_post_title][\/et_pb_column][\/et_pb_row][et_pb_row column_structure=&#8220;2_3,1_3&#8243; _builder_version=&#8220;4.7.3&#8243; _module_preset=&#8220;default&#8220;][et_pb_column type=&#8220;2_3&#8243; _builder_version=&#8220;4.7.3&#8243; _module_preset=&#8220;default&#8220;][et_pb_text _builder_version=&#8220;4.7.3&#8243; _module_preset=&#8220;default&#8220;] Berlin, 13. Juli 2018 Apotheke und pharmazeutischem Gro\u00dfhandel Information f\u00fcr alle Softwareh\u00e4user Im deutschen Apothekenwesen werden die Bestellungen von Arzneimitteln zwischen Apotheken und Pharmazeutischem Gro\u00dfhandel elektronisch abgebildet. Dabei wird heute ein standardisiertes [&hellip;]<\/p>\n","protected":false},"author":1,"featured_media":0,"parent":0,"menu_order":0,"comment_status":"closed","ping_status":"closed","template":"","meta":{"_et_pb_use_builder":"on","_et_pb_old_content":"","_et_gb_content_width":"","footnotes":""},"class_list":["post-882","page","type-page","status-publish","hentry"],"_links":{"self":[{"href":"https:\/\/portal.adas.de\/home\/index.php\/wp-json\/wp\/v2\/pages\/882","targetHints":{"allow":["GET"]}}],"collection":[{"href":"https:\/\/portal.adas.de\/home\/index.php\/wp-json\/wp\/v2\/pages"}],"about":[{"href":"https:\/\/portal.adas.de\/home\/index.php\/wp-json\/wp\/v2\/types\/page"}],"author":[{"embeddable":true,"href":"https:\/\/portal.adas.de\/home\/index.php\/wp-json\/wp\/v2\/users\/1"}],"replies":[{"embeddable":true,"href":"https:\/\/portal.adas.de\/home\/index.php\/wp-json\/wp\/v2\/comments?post=882"}],"version-history":[{"count":8,"href":"https:\/\/portal.adas.de\/home\/index.php\/wp-json\/wp\/v2\/pages\/882\/revisions"}],"predecessor-version":[{"id":947,"href":"https:\/\/portal.adas.de\/home\/index.php\/wp-json\/wp\/v2\/pages\/882\/revisions\/947"}],"wp:attachment":[{"href":"https:\/\/portal.adas.de\/home\/index.php\/wp-json\/wp\/v2\/media?parent=882"}],"curies":[{"name":"wp","href":"https:\/\/api.w.org\/{rel}","templated":true}]}}